{"id":170,"date":"2018-07-24T21:12:05","date_gmt":"2018-07-24T21:12:05","guid":{"rendered":"http:\/\/www.scmfec.pt\/wp\/?page_id=170"},"modified":"2018-07-24T21:44:46","modified_gmt":"2018-07-24T21:44:46","slug":"fundo-de-auxilio-social","status":"publish","type":"page","link":"http:\/\/www.scmfec.pt\/wp\/?page_id=170","title":{"rendered":"Fundo de Aux\u00edlio Social"},"content":{"rendered":"<p><img loading=\"lazy\" decoding=\"async\" width=\"300\" height=\"166\" src=\"http:\/\/www.scmfec.pt\/wp\/wp-content\/uploads\/2018\/07\/AS_FEC-300x166.png\" alt=\"\" srcset=\"http:\/\/www.scmfec.pt\/wp\/wp-content\/uploads\/2018\/07\/AS_FEC-300x166.png 300w, http:\/\/www.scmfec.pt\/wp\/wp-content\/uploads\/2018\/07\/AS_FEC-768x426.png 768w, http:\/\/www.scmfec.pt\/wp\/wp-content\/uploads\/2018\/07\/AS_FEC-1024x568.png 1024w, http:\/\/www.scmfec.pt\/wp\/wp-content\/uploads\/2018\/07\/AS_FEC-800x444.png 800w\" sizes=\"auto, (max-width: 300px) 100vw, 300px\" \/><br \/>\n\t\t\t\t\t\t\t\t\t\t<img loading=\"lazy\" decoding=\"async\" width=\"770\" height=\"350\" src=\"http:\/\/www.scmfec.pt\/wp\/wp-content\/uploads\/2018\/07\/perfil-1508858106.jpg\" alt=\"\" srcset=\"http:\/\/www.scmfec.pt\/wp\/wp-content\/uploads\/2018\/07\/perfil-1508858106.jpg 770w, http:\/\/www.scmfec.pt\/wp\/wp-content\/uploads\/2018\/07\/perfil-1508858106-300x136.jpg 300w, http:\/\/www.scmfec.pt\/wp\/wp-content\/uploads\/2018\/07\/perfil-1508858106-768x349.jpg 768w\" sizes=\"auto, (max-width: 770px) 100vw, 770px\" \/><br \/>\n\t\tO Fundo de Aux\u00edlio Europeu \u00e0s Pessoas mais Carenciadas (FEAC) foi institu\u00eddo pelo Regulamento (UE) n.\u00ba 223\/2014 do Parlamento Europeu e do Conselho, de 11 de mar\u00e7o de 2014, para o per\u00edodo compreendido entre 1 de janeiro de 2014 e 31 de dezembro de 2020.<br \/>\nPara a implementa\u00e7\u00e3o do FEAC em Portugal, foi aprovado, pela Portaria n.\u00ba 190-B\/2016, de 26 de junho, alterada pela Portaria n.\u00ba 51\/2017, de 2 de fevereiro, o Regulamento Geral deste Fundo, bem como a regulamenta\u00e7\u00e3o espec\u00edfica do respetivo Programa Operacional de Apoio \u00e0s Pessoas Mais Carenciadas (PO APMC), o qual define o regime de acesso aos apoios concedidos no \u00e2mbito da Medida 1 do Programa \u2013 Aquisi\u00e7\u00e3o e distribui\u00e7\u00e3o de g\u00e9neros alimentares e ou bens de primeira necessidade.<br \/>\nNo \u00e2mbito da Medida 1 \u00e9 eleg\u00edvel a tipologia de opera\u00e7\u00f5es 1.2.1 \u2013 Distribui\u00e7\u00e3o de g\u00e9neros alimentares e ou bens de primeira necessidade, que visa apoiar as opera\u00e7\u00f5es de distribui\u00e7\u00e3o de g\u00e9neros alimentares e ou de bens de primeira necessidade \u00e0s pessoas mais carenciadas, por organiza\u00e7\u00f5es parceiras, p\u00fablicas ou privadas, bem como o desenvolvimento de medidas de acompanhamento com vista \u00e0 inclus\u00e3o social daquelas, nos termos definidos no n.\u00ba 1 do artigo 60.\u00ba do Regulamento Espec\u00edfico do PO APMC.<br \/>\nPara o devido efeito as Miseric\u00f3rdia de Vila Flor, Carrazeda de Ansi\u00e3es, Freixo de Espada \u00e0 Cinta e Torre de Moncorvo desenvolveram o projecto nos territ\u00f3rios de \u00e2mbito de cada uma das institui\u00e7\u00e3o, com o n\u00famero de destinat\u00e1rios finais total de 161.<br \/>\nCada entidade tem as seguintes fun\u00e7\u00f5es: <\/p>\n<ul>\n<li>Miseric\u00f3rdia de Vila Flor &#8211; Coordenadora e Mediadora;<\/li>\n<li>Miseric\u00f3rdia de Carrazeda de Ansi\u00e3es &#8211; Mediadora;<\/li>\n<li>Miseric\u00f3rdia de Freixo de Espada \u00e0 Cinta Mediadora;<\/li>\n<li>Miseric\u00f3rdia de Torre de Moncorvo &#8211; Mediadora;<\/li>\n<\/ul>\n<h2>Contactos: <\/br><br \/>\n<strong style=\"font-size: 14px; white-space: pre-wrap;\">Telefone:<\/strong> 278 518 070<strong style=\"font-size: 14px; white-space: pre-wrap;\"><br \/>\nE-mail:<\/strong> scm-vila.flor@mail.telepac.pt<strong style=\"font-size: 14px; white-space: pre-wrap;\"><br \/>\nMorada:<\/strong> Largo do Rossio, 11 5360-323 Vila Flor<strong style=\"font-size: 14px; white-space: pre-wrap;\"><br \/>\nHor\u00e1rio:<\/strong> Seg. a Sex. das 9h \u00e0s 12:30h e das 14h \u00e0s 17:30h<\/p>\n","protected":false},"excerpt":{"rendered":"<p>O Fundo de Aux\u00edlio Europeu \u00e0s Pessoas mais Carenciadas (FEAC) foi institu\u00eddo pelo Regulamento (UE) n.\u00ba 223\/2014 do Parlamento Europeu e do Conselho, de 11 de mar\u00e7o de 2014, para o per\u00edodo compreendido entre 1 de janeiro de 2014 e 31 de dezembro de 2020. Para a implementa\u00e7\u00e3o do FEAC em Portugal, foi aprovado, pela [&hellip;]<\/p>\n","protected":false},"author":1,"featured_media":0,"parent":0,"menu_order":0,"comment_status":"closed","ping_status":"closed","template":"","meta":{"footnotes":""},"class_list":["post-170","page","type-page","status-publish","czr-hentry"],"aioseo_notices":[],"_links":{"self":[{"href":"http:\/\/www.scmfec.pt\/wp\/index.php?rest_route=\/wp\/v2\/pages\/170","targetHints":{"allow":["GET"]}}],"collection":[{"href":"http:\/\/www.scmfec.pt\/wp\/index.php?rest_route=\/wp\/v2\/pages"}],"about":[{"href":"http:\/\/www.scmfec.pt\/wp\/index.php?rest_route=\/wp\/v2\/types\/page"}],"author":[{"embeddable":true,"href":"http:\/\/www.scmfec.pt\/wp\/index.php?rest_route=\/wp\/v2\/users\/1"}],"replies":[{"embeddable":true,"href":"http:\/\/www.scmfec.pt\/wp\/index.php?rest_route=%2Fwp%2Fv2%2Fcomments&post=170"}],"version-history":[{"count":10,"href":"http:\/\/www.scmfec.pt\/wp\/index.php?rest_route=\/wp\/v2\/pages\/170\/revisions"}],"predecessor-version":[{"id":189,"href":"http:\/\/www.scmfec.pt\/wp\/index.php?rest_route=\/wp\/v2\/pages\/170\/revisions\/189"}],"wp:attachment":[{"href":"http:\/\/www.scmfec.pt\/wp\/index.php?rest_route=%2Fwp%2Fv2%2Fmedia&parent=170"}],"curies":[{"name":"wp","href":"https:\/\/api.w.org\/{rel}","templated":true}]}}

Fundo de Auxílio Social

<p><img loading="lazy" decoding="async" width="300" height="166" src="http://www.scmfec.pt/wp/wp-content/uploads/2018/07/AS_FEC-300x166.png" alt="" srcset="http://www.scmfec.pt/wp/wp-content/uploads/2018/07/AS_FEC-300x166.png 300w, http://www.scmfec.pt/wp/wp-content/uploads/2018/07/AS_FEC-768x426.png 768w, http://www.scmfec.pt/wp/wp-content/uploads/2018/07/AS_FEC-1024x568.png 1024w, http://www.scmfec.pt/wp/wp-content/uploads/2018/07/AS_FEC-800x444.png 800w" sizes="auto, (max-width: 300px) 100vw, 300px" /><br />
										<img loading="lazy" decoding="async" width="770" height="350" src="http://www.scmfec.pt/wp/wp-content/uploads/2018/07/perfil-1508858106.jpg" alt="" srcset="http://www.scmfec.pt/wp/wp-content/uploads/2018/07/perfil-1508858106.jpg 770w, http://www.scmfec.pt/wp/wp-content/uploads/2018/07/perfil-1508858106-300x136.jpg 300w, http://www.scmfec.pt/wp/wp-content/uploads/2018/07/perfil-1508858106-768x349.jpg 768w" sizes="auto, (max-width: 770px) 100vw, 770px" /><br />
		O Fundo de Auxílio Europeu às Pessoas mais Carenciadas (FEAC) foi instituído pelo Regulamento (UE) n.º 223/2014 do Parlamento Europeu e do Conselho, de 11 de março de 2014, para o período compreendido entre 1 de janeiro de 2014 e 31 de dezembro de 2020.<br />
Para a implementação do FEAC em Portugal, foi aprovado, pela Portaria n.º 190-B/2016, de 26 de junho, alterada pela Portaria n.º 51/2017, de 2 de fevereiro, o Regulamento Geral deste Fundo, bem como a regulamentação específica do respetivo Programa Operacional de Apoio às Pessoas Mais Carenciadas (PO APMC), o qual define o regime de acesso aos apoios concedidos no âmbito da Medida 1 do Programa – Aquisição e distribuição de géneros alimentares e ou bens de primeira necessidade.<br />
No âmbito da Medida 1 é elegível a tipologia de operações 1.2.1 – Distribuição de géneros alimentares e ou bens de primeira necessidade, que visa apoiar as operações de distribuição de géneros alimentares e ou de bens de primeira necessidade às pessoas mais carenciadas, por organizações parceiras, públicas ou privadas, bem como o desenvolvimento de medidas de acompanhamento com vista à inclusão social daquelas, nos termos definidos no n.º 1 do artigo 60.º do Regulamento Específico do PO APMC.<br />
Para o devido efeito as Misericórdia de Vila Flor, Carrazeda de Ansiães, Freixo de Espada à Cinta e Torre de Moncorvo desenvolveram o projecto nos territórios de âmbito de cada uma das instituição, com o número de destinatários finais total de 161.<br />
Cada entidade tem as seguintes funções: </p>
<ul>
<li>Misericórdia de Vila Flor &#8211; Coordenadora e Mediadora;</li>
<li>Misericórdia de Carrazeda de Ansiães &#8211; Mediadora;</li>
<li>Misericórdia de Freixo de Espada à Cinta Mediadora;</li>
<li>Misericórdia de Torre de Moncorvo &#8211; Mediadora;</li>
</ul>
<h2>Contactos: </br><br />
<strong style="font-size: 14px; white-space: pre-wrap;">Telefone:</strong> 278 518 070<strong style="font-size: 14px; white-space: pre-wrap;"><br />
E-mail:</strong> scm-vila.flor@mail.telepac.pt<strong style="font-size: 14px; white-space: pre-wrap;"><br />
Morada:</strong> Largo do Rossio, 11 5360-323 Vila Flor<strong style="font-size: 14px; white-space: pre-wrap;"><br />
Horário:</strong> Seg. a Sex. das 9h às 12:30h e das 14h às 17:30h</p>

<p>O Fundo de Auxílio Europeu às Pessoas mais Carenciadas (FEAC) foi instituído pelo Regulamento (UE) n.º 223/2014 do Parlamento Europeu e do Conselho, de 11 de março de 2014, para o período compreendido entre 1 de janeiro de 2014 e 31 de dezembro de 2020. Para a implementação do FEAC em Portugal, foi aprovado, pela [&hellip;]</p>
